f 24/396 - (-233721)/297?
7
Suppose 2*i + 2*t = 6*t + 118, 2*i + t = 128. Let c be 20*(-1 + i/15). Let s = c - 39. What is the tens digit of s?
2
Suppose -3*l - 4*c = -897, -3*l + 1138 = -5*c + 268. What is the tens digit of l?
9
What is the tens digit of 2 - (-24)/(-18)*6018/(-4)?
0
Let l(f) = 20*f - 13. Let r be (-62)/(-8) + 24/(-32). What is the units digit of l(r)?
7
Suppose 4*w + 2*i = 17914, 3*w - 6938 = -3*i + 6502. What is the thousands digit of w?
4
Let q(c) = -133*c + 160. What is the units digit of q(-20)?
0
Suppose 5*c - 5*p = 1080, 0 = -2*c + 3*p + 251 + 179. Suppose -c = -7*m + 671. What is the tens digit of m?
2
Let a(h) = 2*h**2 + 13*h - 5. Let d be a(-7). Suppose -d*p + 2*t + 152 = 0, -4*t - 10 = t. What is the units digit of p?
4
What is the tens digit of -176*66/(-72)*3?
8
Suppose 5*h - 142 = -f, -3*f - 169 = -5*h - 595. Suppose v - f = -v. What is the units digit of v?
1
Suppose -34 + 54 = 5*j. Suppose -486 = -5*z - 3*m, 5*z = j*z - 3*m + 90. What is the tens digit of z?
9
What is the hundreds digit of 7/(-84)*-6*10864?
4
Suppose -3*m = -2*c - 658, 3*m + m = 4*c + 880. What is the tens digit of m?
1
Suppose 0 = -2*l - 0*l. Let k be (l - -2 - 2)/(-2). Suppose -3*d = -12 - k. What is the units digit of d?
4
Let j(x) = 9*x**2 - 3. Let y(n) = -26*n**2 + n + 10. Let d(b) = -17*j(b) - 6*y(b). Let v = 26 + -30. What is the tens digit of d(v)?
6
Let k = 10 - 5. Suppose -4*s + k*s = -4*h + 561, 0 = -4*s - 12. What is the tens digit of h?
4
Let t(l) = -31*l**2 + l**3 - 22*l + 51*l**2 - 4 - 6. What is the units digit of t(-21)?
1
Let q(w) = 9*w**3 - 5*w**2 + 4*w - 12. Let z(d) = 4*d**3 - 3*d**2 + 2*d - 6. Let t(l) = 3*q(l) - 7*z(l). What is the tens digit of t(5)?
2
Suppose 5*w - 2*w = -5*c + 1481, 0 = -3*c + 4*w + 906. What is the units digit of c?
8
Let b be 8/32 + (-18)/8. Let n = b - -4. Let z = n - -12. What is the tens digit of z?
1
Let v be (-174)/(-24) - 6/(-8). Suppose f = 5*i - 0*f - v, -5*i + 14 = -3*f. What is the units digit of i?
1
What is the tens digit of (-6 - -2) + 1/(15/3810)?
5
Let r(a) = 10*a**2 - 2*a + 13. Let k be r(4). What is the units digit of (16/(-3))/((50/k)/(-5))?
8
Let p(j) = 48*j - 26*j - 17*j + 18. Let k be p(-5). What is the units digit of 30/70 - 137/k?
0
Let p(d) = -d**3 - 15 - 8*d + 3*d**2 + 3*d**2 - 9*d + 20*d. What is the units digit of p(6)?
3
What is the thousands digit of 6/(-93) + (-370797)/(-93)?
3
Let k be 5 + -2 + (-15)/(-3) + 414. Suppose 43 = 5*u - k. What is the tens digit of u?
9
Let m = -112 + 688. What is the units digit of m?
6
Suppose 2*u + 5*g = 9, -4*u - u = 4*g + 20. Let w be u/(-36) + (-169)/(-9). Let q = w - 5. What is the units digit of q?
4
Let q = 32 + 276. What is the hundreds digit of q?
3
Suppose -7*c = -2*c - 10. Suppose 5*x - 15 - 7 = -c*i, 0 = -2*x. What is the units digit of i?
1
Let s be 312/(-10) - (-2)/10. Let t = s + 55. What is the units digit of (-6 - 1)*t/(-14)?
2
Let j be 2/4 - (-23)/2. Suppose 4*z + 0 = -j. What is the tens digit of 4/(z - (-17)/5)?
1
Let f(b) = 2 - 53*b - 3 + 2 + 1. Let j = 42 + -43. What is the tens digit of f(j)?
5
Let t be (-8)/(-16) + (-3)/((-18)/(-93)). What is the hundreds digit of -140*(10/t)/((-10)/(-24))?
2
Let c(b) = -b**2 - 15*b - 15. Let u = -30 + 17. What is the tens digit of c(u)?
1
Let w(a) = -1935*a + 168. What is the tens digit of w(-2)?
3
Suppose -5*g + 4 + 1 = 0, 5*m = 5*g + 685. What is the tens digit of 161/(-35) + 4 + m/5?
2
Let y = 9 - 9. Suppose -5*t - 63 + 473 = y. What is the tens digit of t?
8
Suppose 0*g = -2*y + 4*g + 638, -4*y = 2*g - 1296. Let o = -183 + y. Suppose 0*k = 2*k - o. What is the tens digit of k?
7
Suppose 78 = -5*w + 2*w. Let v = w - -98. Suppose -3*s = -6*s + v. What is the tens digit of s?
2
What is the units digit of 3/(-2)*-162*(1 + 0)?
3
Let a(z) = 2*z + 84. Let f(b) = -3*b - 169. Let o(q) = -11*a(q) - 6*f(q). What is the units digit of o(0)?
0
Let k(g) = 11 + 1 + 3*g**2 - 2*g**2 + 9 + 3*g. What is the hundreds digit of k(10)?
1
Let n(g) be the third derivative of g**8/2240 - g**6/720 - g**5/15 + 4*g**2. Let u(c) be the third derivative of n(c). What is the units digit of u(1)?
8
Let o be 0 + 0 - (5 - 1). Let w = 10 - o. What is the tens digit of w?
1
Suppose -2*t - s = -5, -20 = -0*t + t - 4*s. Suppose t = -b - 49 + 141. What is the tens digit of b?
9
Let s(u) = u**3 - 6*u**2 + 11*u - 7. Let q be s(4). Suppose 187 = q*k - 443. What is the units digit of k?
6
Let x = -1973 - -2358. What is the units digit of x?
5
Suppose 3*t = -3*x + 870, -3*x = 4 - 10. What is the tens digit of t?
8
Let s(y) = y**3 + 14*y**2 + 13*y + 3. Let r be s(-13). Suppose -n - p + 61 = 0, r*p - p + 220 = 4*n. What is the tens digit of n?
5
Let c(v) = 6*v**2 + 4*v. Let z be c(6). Suppose 3*o - z = o. Suppose -3*a - 5*g = -0*g - o, 5*a - 200 = -2*g. What is the units digit of a?
0
Let n(o) = 29 + o - o**2 - 27 + 6*o**2 - 3*o. What is the tens digit of n(2)?
1
Let x(j) = 12*j**2 + 110*j + 19. What is the units digit of x(14)?
1
Suppose 0 = 3*d - 8*d + z + 4972, 4*z = 3*d - 2990. What is the tens digit of d?
9
Let u = -110 - -493. What is the tens digit of u?
8
Let v(x) = -7*x**3 - 18*x**2 - 13*x - 4. What is the thousands digit of v(-8)?
2
Let w(x) = -4*x - 2. Let a(c) be the third derivative of c**6/120 - 3*c**5/20 + c**4/3 - c**3/6 + 5*c**2. Let q be a(8). What is the units digit of w(q)?
2
Suppose -5*b + 77 = -163. Let s be 4/(8/20 + 3/5). What is the tens digit of b + (2 - s - -4)?
5
Let i(s) = 3*s**2 - s - 4. Let q be 2 + -4*(-3)/6. What is the units digit of i(q)?
0
Let w be (4 - 7)/(-3) - -4. Suppose -2*b - 322 = -w*h, 0*b + 3*b = 5*h - 318. What is the tens digit of h?
6
Suppose 15856 = 5*d + 3*s, -d - s + 384 + 2788 = 0. What is the tens digit of d?
7
Let a(u) = -u**2 + 12*u - 1. Let f be a(7). Let n(i) = i**2 - 7*i + 10. Let j be n(8). Suppose f + j = 4*b. What is the units digit of b?
3
Suppose -3*g + 3*t + 1251 = -2*t, 2*t + 830 = 2*g. What is the tens digit of g?
1
What is the units digit of -9*(-82)/(-12)*(-112)/3?
6
Let v = -16 + 21. Suppose v*q + m + 19 = 0, -2*m - 9 + 27 = -4*q. What is the units digit of ((-15)/3)/(-1) - q?
9
Let x = -259 + 360. What is the units digit of x?
1
Suppose 2*r = -2*r + 16. Suppose r*w + 129 = -83. Let k = 81 + w. What is the units digit of k?
8
Let v(g) = g - 18. Let f be v(10). Let x = f + 10. Let t(m) = 2*m**3 - m**2 - 2*m + 1. What is the units digit of t(x)?
9
Suppose -76 = 3*r - 4*r. Suppose -s - s = r. Let g = s - -71. What is the tens digit of g?
3
Let b = -38 - -67. Let u = b + -23. What is the units digit of u?
6
Let r(c) = -2*c**2 + c + 134. Let b be r(0). Let q = 278 - b. What is the units digit of q?
4
Let j = 17 + 156. Suppose -225 = -2*s + j. What is the units digit of s?
9
Let l(r) = -r**3 + r - 2. Let z be l(-2). Suppose 14 = -2*b - z*q - 48, 100 = -4*b + 4*q. Let d = b - -32. What is the units digit of d?
5
Let b(v) = -21*v**2 + 1. Let d be b(-1). Let q be d/130 - (-28)/13. Suppose 2*g = 4*f, 5 + 7 = -q*f + 4*g. What is the units digit of f?
2
Let a be (2 + 0)/((-8)/(-44)). Let w = -11 + a. What is the units digit of (1 + w)/((-13)/(-65))?
5
What is the tens digit of (-13624)/(-48) + (-2)/(-12)?
8
Let t(m) be the second derivative of m**4/12 - 7*m**3/3 - 4*m. Let s be t(14). Suppose s = 3*p - 2*p - 32. What is the tens digit of p?
3
Let z = -598 + 997. What is the tens digit of z?
9
Let j(n) = -134*n + 329. What is the tens digit of j(-6)?
3
Suppose -5*h = -3677 + 2667. What is the hundreds digit of h?
2
Let g = 4396 + -2156. What is the units digit of g?
0
Let j(a) = -8*a + 13. What is the units digit of j(-3)?
7
Let p(u) = -u + 4. Let a be p(-7). Let t(l) = 3*l**3 + l**2 - 3*l + 6. Let h be t(2). Let c = h - a. What is the units digit of c?
7
Suppose 14*k = 924 + 3766. Suppose -4 = 4*d - 0*d + 4*v, 0 = -3*d + 5*v + 5. Suppose d*u = -5*u - p + 345, k = 5*u - p. What is the tens digit of u?
6
Let p be (-4 - -5) + 3*25. Suppose 0*d - p = -4*d. Suppose f + d = 2*f. What is the tens digit of f?
1
Let b(r) = -810*r**3 + 4*r**2 + 2*r - 1. What is the units digit of b(-1)?
1
Suppose -15*l = -8*l - 2492. What is the tens digit of l?
5
Let l(h) = -h**3 + 17*h**2 + 19*h - 8. What is the units digit of l(17)?
5
Suppose u - 3*f - 925 = 0, 0 = 24*u - 22*u - 5*f - 18